est common factor of 2 and o.
2
Suppose 2*l - 8 = 0, 5*k + 2*l - 3*l - 256 = 0. Suppose -2*j - 4 + k = 0. What is the greatest common divisor of j and 3?
3
Let q(s) = -s**2 - s + 7. Let t be q(0). Suppose -9*x - 99 = -351. Calculate the highest common divisor of t and x.
7
Suppose -2*j + 1218 + 232 = 0. Suppose 0*l + j = 5*l. Suppose -3*d = -179 - l. Calculate the greatest common factor of 12 and d.
12
Let g = 4 + 66. Suppose 5*u = -4*m - 3 + 15, 4*m = -2*u + 12. Suppose u = -0*o - 3*o + 42. Calculate the highest common factor of o and g.
14
Let a(p) = p**3 + 11*p**2 + 9*p + 3. Let v be a(-10). Let x be 3*(v - 1) + 2. Calculate the highest common factor of x and 19.
19
Let o be -10*1 - -3 - -2. Let d(l) = 2*l**2 - 7*l - 10. Let q be d(o). Calculate the greatest common factor of q and 30.
15
Let n = 1243 + -744. Suppose 13*j - 14*j - 340 = -2*o, 0 = -3*o - 4*j + n. What is the highest common divisor of o and 13?
13
Suppose 2*d + 77 = 5*r, -r + 0*d + 14 = d. Let c be 6/(-5)*r/(-1). Calculate the highest common factor of c and 45.
9
Let k be 18696/(-34) - (312/51 + -6). Let o be (0 - 1) + 4/2. Let t be (k/(-20))/(o/2). What is the highest common factor of 5 and t?
5
Let j(w) = w**2 - 5*w - 14. Let b be j(6). Let y be (16/b)/((-1)/1). Suppose -y*k + 55 = -23. What is the greatest common divisor of k and 26?
13
Let g(w) = -2*w**3 + 3*w**2 + 14*w + 6. Let k be g(-2). Calculate the greatest common divisor of k and 642.
6
Let t = 50 + -59. Let p be (-15)/t*15*1. Let v(b) = -b**3 + b**2 - 5*b. Let w be v(-4). Calculate the highest common factor of w and p.
25
Let u(t) = -t**2 - 11*t + 2. Let k be u(-9). Calculate the highest common factor of k and 6.
2
Let l = 151 - 133. Let a(x) = 8*x**2 - x. Let h be a(-1). What is the highest common divisor of h and l?
9
Suppose x + 24 = 6*x + 4*b, 0 = 5*x - 4*b - 16. Suppose 5*v + 41 = 1. Let y = v - -14. What is the greatest common divisor of y and x?
2
Suppose -2*j + 60 = 4*n - 4*j, -5*j - 80 = -5*n. Let i(w) = -w**3 + 15*w**2 - 17*w + 56. Let y be i(14). Calculate the greatest common divisor of n and y.
14
Let s be 7/(70/15)*-10. Let b(f) = 2*f + 5. Let l be b(s). Let u = l - -49. What is the highest common divisor of u and 72?
24
Suppose -3*j + 31 = -17. Let k(p) = -2 + 1 - 31*p**3 - 2*p + 0*p**3. Let x be k(-1). Calculate the greatest common divisor of x and j.
16
Let r(g) = 109*g**3 - g. Let y be r(1). Suppose -f = t - 10, -30*t + 4*f = -26*t - 56. Calculate the greatest common factor of y and t.
12
Let k(v) = -v**3 + 9*v**2 + 11*v + 8. Let q be -6*(0 + (-2)/(-4)). Let l be (-75)/(-20)*(-8)/q. Let h be k(l). What is the greatest common divisor of h and 90?
18
Let d = 17 - 3. Let o be (-42)/(-24)*(-4)/(-1). Let x(i) = i**2 - 5*i + 7. Let h be x(o). What is the greatest common divisor of h and d?
7
Let d(g) = 42*g + 132. Let v be d(9). Calculate the greatest common divisor of 30 and v.
30
Let p be -5 + -13 + (10 - -31). Let s(a) = 69*a**3 + a**2 - a. Let h be s(1). Calculate the highest common divisor of p and h.
23
Suppose 5*r + 2*p - 232 = 0, -9*p + 172 = 4*r - 4*p. What is the highest common divisor of r and 528?
48
Let o be (-1)/(-1 - 4/(-8)). Suppose -3*v + 119 = -4*a, 2*v - v - 41 = o*a. Let j = v - 1. Calculate the highest common factor of j and 4.
4
Suppose 21*u - 66 = 15*u. Calculate the greatest common factor of u and 352.
11
Suppose 12*m - 13*m = -450. Calculate the highest common divisor of 250 and m.
50
Suppose -2*a = 4, 46*t + 3*a = 41*t + 834. What is the highest common factor of 72 and t?
24
Let s be -1 + 973 - 1140/(-95). What is the highest common divisor of s and 60?
12
Suppose 83 = 2*j + 19. Let i = 4022 - 3894. What is the highest common divisor of i and j?
32
Suppose 2*p = 2*l + 86, 5*l - 1 = 9. Suppose -48*z + p*z + 36 = 0. What is the greatest common divisor of z and 12?
12
Let b = -33 + 4. Let d = b - -30. Suppose 4*k - 42 = -2*x, -2*x - d = 2*k - 23. What is the highest common factor of k and 80?
10
Let i = 47 + -16. Suppose -c + 4 = -i. Let h = 48 - 34. Calculate the greatest common divisor of c and h.
7
Let g = -35 - 71. Let m = 55 - g. Calculate the greatest common divisor of m and 23.
23
Suppose -5*f + 9 = t - 5, 3*f - 26 = -5*t. Let h be f/((-20)/(-16)*(-4)/(-260)). Calculate the highest common divisor of h and 26.
26
Let g(a) = 7*a - 25. Let t be g(7). Calculate the greatest common divisor of 216 and t.
24
Let g = -50 + 54. Suppose -5*i = p - 46, -5*i + 40 = -p - g*p. Let c be (3*-1)/(3/(-36)). What is the highest common divisor of i and c?
9
Let v = -80 + 48. Let p be ((-96)/5)/((-7)/(-35)). Let n = v - p. Calculate the highest common divisor of n and 8.
8
Let c be (-4)/2 + 2 + 0. Let s be c - (1*45)/(-3). Suppose 3*m + 5 = -2*u + s, 0 = u - 3*m - 5. Calculate the greatest common divisor of u and 10.
5
Let p(a) = 6*a - 3*a + 5*a - 3*a + 12*a**2 + 1. Let x be p(-2). What is the highest common factor of x and 273?
39
Suppose 6*i = -51 - 39. Let z be ((-198)/i)/(12/80). What is the greatest common divisor of 8 and z?
8
Let h(t) = 0 + 1 + 3*t**2 + 124*t - 123*t + 4. Let j be h(2). What is the highest common factor of 152 and j?
19
Let i be (-6 + 0)*(-46)/69 - -5. Let n be -3 - -3 - -3 - -24. What is the highest common divisor of n and i?
9
Let l(p) = 241*p - 114. Let k be l(4). Calculate the greatest common factor of k and 100.
50
Let o be (62/(-6) - -3)*48/(-2). Calculate the greatest common divisor of 33 and o.
11
Suppose 4*t + 12 = 2*j, 2 = 5*j - 2*t - 4. Suppose -x - n = -14, j = -x - x - n + 25. What is the highest common factor of 11 and x?
11
Let n(s) = 3*s**2 - 9*s - 64. Let k be n(8). What is the highest common divisor of k and 3?
1
Let x be (-38)/(-10 + 5 + (-9)/(-2)). What is the greatest common divisor of 57 and x?
19
Let v(k) = 4*k - 5. Let l be v(5). Let f be 342/l*(-30)/(-9). Suppose 3*a = 4*t - 305, -2*t + 4*a + f = -64. Calculate the greatest common divisor of t and 16.
16
Let z be 1 - 120/(-5 + 2). Suppose -4*a + 3*m + 0*m + z = 0, 34 = 5*a + 2*m. Let i = -3 + a. What is the greatest common factor of i and 2?
1
Let z(b) = 3*b**3 + 6*b**2 - 4*b - 5. Let o be z(2). Calculate the highest common divisor of o and 63.
7
Suppose -5*o = 5*p - 180, 0*p + 188 = 5*p + 3*o. Let n = p + -10. What is the greatest common divisor of n and 75?
15
Let h(z) = 2*z - 3. Let k be h(4). Suppose k*b = b + 8. Suppose -b*y + 0*y = w - 37, 3*w - 48 = -3*y. What is the highest common divisor of y and 14?
7
Let l be (-96)/(-20)*215 - (8 + -1). Calculate the greatest common factor of l and 25.
25
Suppose -8 = 3*d - 5, 0 = 5*j + 2*d - 22898. Calculate the highest common factor of j and 20.
20
Suppose -114 = -4*a + 22. Let r = a + -10. Calculate the highest common factor of 216 and r.
24
Suppose 5*l - 50 = -g, 2*l = -l. Calculate the highest common factor of g and 230.
10
Let a(p) = -p**3 + 9*p**2 - p + 10. Let f be a(9). Let m be f + (-2 - -2 - 0). Let z be m + 22 - 4 - 1. Calculate the greatest common factor of z and 6.
6
Let l be 210*1/(-25)*-10. Calculate the greatest common divisor of 532 and l.
28
Suppose -14503 = -50*q - 1603. What is the greatest common divisor of q and 903?
129
Let a(d) = -d**2 - 10*d - 2. Let c be a(-7). Let f(p) = -c - 65*p**3 + 9 + 10. Let s be f(-1). What is the highest common factor of s and 26?
13
Suppose 9*n - 162 = -27. Let q = n - 14. What is the highest common factor of q and 11?
1
Let x be (-1010)/(-6) + 0 - (-6)/(-18). Suppose -5*k = -o - o - 210, 0 = -4*k + 4*o + x. What is the highest common factor of k and 12?
6
Let b(w) = 9*w - 1. Let a be b(13). Let j = a - 60. Calculate the highest common factor of j and 7.
7
Suppose -17*n - 3311 = -6*n. Let u = n + 454. Calculate the greatest common factor of u and 17.
17
Let a(u) = u**2. Let q(i) = -i**2 - 1. Let v(l) = 6*a(l) + q(l). Let o be v(3). What is the greatest common divisor of o and 4?
4
Suppose 4*j + 832 = 1096. What is the highest common factor of j and 44?
22
Suppose 0*i + r = 5*i + 247, 0 = -4*i - 5*r - 215. Let k = 75 + i. Let z be 1/1*24 + 1. What is the greatest common factor of k and z?
25
Suppose 0 = 4*c + 3*q - 381, -2*q - 212 = -4*c + 194. Let g = 568 - 559. What is the highest common divisor of c and g?
9
Suppose -7*m = -0*m - 266. Calculate the highest common factor of m and 133.
19
Let z 